der when 75 - (2 + 3 + -5) is divided by u?
18
Let k be 4 - 5*(-4)/(-20). Suppose 5*v + 2*p - 90 = 0, -k*v + 0*v + 33 = -3*p. What is the remainder when 45 is divided by v?
13
What is the remainder when 72 is divided by ((-364)/(-143))/(6/33)?
2
Suppose 8*o - 4*o = 244. What is the remainder when 242 is divided by o?
59
Let j = -366 + 453. What is the remainder when 345 is divided by j?
84
Let q = 11 + -6. Suppose 5*v - 3*v = -2*s + 10, 5*v - 17 = -s. What is the remainder when q is divided by (30/20)/(1/s)?
2
Suppose 54*c + 725 = 79*c. Calculate the remainder when 1362 is divided by c.
28
Let c be ((-2044)/56)/((-2)/24). Suppose -y - 5*y + c = 0. Calculate the remainder when y is divided by 15.
13
Let i(q) = -q**2 - 12*q + 9. Let p be i(-7). Let m = 424 - 436. What is the remainder when 5 is divided by p/12 + 8/m?
2
Let a = 24 + 27. Let y = a - 41. What is the remainder when ((-6)/(-4))/((-21)/(-532)) is divided by y?
8
Suppose -x - 371 = -3*j, -3*j - 2*j + 2*x = -620. Calculate the remainder when j is divided by 56.
10
Let z be (-2769)/(-13) - 2*-1. Suppose n = 5*n - 2*f - 166, 0 = 5*n - 4*f - z. What is the remainder when n is divided by 20?
19
Let k(z) = 5*z - 56. Let a be k(12). Suppose 0 = g + 2*g - 6. Suppose 0 = s - a*x - 6, -4*s - g*x + 24 = -x. What is the remainder when 10 is divided by s?
4
Suppose 0 = 2*z - 3 + 13, -4*c + 3*z + 23 = 0. Suppose -81 = -3*j + 3*g, -c*j + 4*g + 6 = -40. What is the remainder when j is divided by (-17)/(-2)*2/1?
14
Suppose -648 = 4*h - 10*h. What is the remainder when h is divided by 10?
8
Let m be (-1)/(-2)*(7 - 323). Let b = m + 313. Suppose -l = -6*l + b. Calculate the remainder when l is divided by 11.
9
Suppose -3*r + 79 = -l, -4*r = -2*l + 4*l - 122. What is the remainder when 139 is divided by r?
27
Let c(n) = 6*n**2 + 3*n - 4. Let t(l) = -l - 10. Let h be t(6). Let y = 19 + h. Calculate the remainder when c(y) is divided by 20.
19
Suppose -65*w = -20*w - 7740. Calculate the remainder when w is divided by 31.
17
Suppose -5*h - 10 = -0*h. Let r(c) = -3 + 39*c**2 + 0*c**3 - 3*c + c**3 - 36*c**2. What is the remainder when 33 is divided by r(h)?
5
What is the remainder when 154 is divided by -472*7/(-70) + (-12)/(-15)?
10
Let o(c) = 4*c - 7. Let x be o(0). Calculate the remainder when 5496/144 - (x/(-6) + -1) is divided by 21.
17
Let n = 19 - 31. Suppose -63*b - 18 = -64*b. What is the remainder when 424/n*(-6)/4 is divided by b?
17
Suppose 0 = 2*c, -2*c - 213 = -3*p + c. What is the remainder when p is divided by 8?
7
Let k(t) = t**2 + 54. Let s be k(0). Let z = s + -51. What is the remainder when 6 is divided by z?
0
Let r = -1540 + 1646. What is the remainder when 405 is divided by r?
87
What is the remainder when -306*((-2)/(-6) + 40/(-48)) is divided by 14?
13
Let u(s) = 5*s - 3. Let d(l) = l**3 + 11*l**2 - 17*l - 8. Calculate the remainder when d(-12) is divided by u(6).
25
Let f be 4 + 2*(-5)/(-10). Suppose f = -d + 4*m - 6, 3*m - 32 = -4*d. Calculate the remainder when 42 is divided by d.
2
Let o = 101 - 87. Suppose -h + 40 = -o. Calculate the remainder when 211 is divided by h.
49
Suppose -6*x = -x - 210. Suppose -5*u = -2*u - x. Calculate the remainder when ((-6)/75)/(-1) + (-34782)/(-850) is divided by u.
13
Suppose 3*g + 63 = -2*k, -5*g + 23 = -5*k + 3*k. Let q = 46 + k. What is the remainder when q is divided by 6?
4
Let z(b) = -13*b - 23. Let g be z(-2). Suppose -l = -5*l - g*r + 74, -4*l = -3*r - 62. Calculate the remainder when 27 is divided by l.
10
Suppose 0 = 2*p - 5*g - 12, -p - g + 30 = 4*p. What is the remainder when 20 is divided by p?
2
Suppose 0 = -d - 0 + 2. Suppose 3*r - 7*r = 3*z - 137, -5*r + 166 = d*z. Calculate the remainder when r is divided by 17.
15
Let l be 15*(-7)/(-4)*4. Let b = l - 70. Let o(a) = -18*a - 4. What is the remainder when o(-6) is divided by b?
34
Let r(s) = -s**3 - s + 55. Let q be r(0). Let p = q + -33. Calculate the remainder when 42 is divided by p.
20
Suppose 31 = m - 18. Let x = m + -24. Calculate the remainder when 46 is divided by x.
21
Suppose 27937 = 39*j + 52*j. What is the remainder when j is divided by 12?
7
Let w = 42 - 11. Calculate the remainder when (2 - (-25)/(-20)) + 5/((-140)/(-9443)) is divided by w.
28
Let x(i) = 3*i + 14. Suppose 2*r + 0*r = 4. Calculate the remainder when x(6) is divided by 12 + 2/(-4)*r.
10
Let k(b) = 53*b**2 - 3*b - 2. Suppose -4*d = -7*d - 6, -3*d - 5 = -f. Calculate the remainder when k(f) is divided by 11.
10
Let m(o) = 2*o**3 - 3*o**2 - 31. Calculate the remainder when 150 is divided by m(4).
3
Let y = 171 - 137. What is the remainder when y is divided by 15?
4
Let n(j) = j**2 + 3*j - 69. Suppose -5*y + 10 = 0, -4*f + 2*f + 5*y + 42 = 0. Suppose 0 = -4*i + 14 + f. What is the remainder when n(8) is divided by i?
9
Let g = -176 + 255. Let d(h) = h**3 + 4*h**2 + h + 3. Calculate the remainder when g is divided by d(-3).
7
Let g(d) = -d**3 + 11*d**2 + 16*d - 4. Let i be g(12). Suppose -i - 136 = -5*t - 5*b, 4*b - 66 = -2*t. Calculate the remainder when 114 is divided by t.
36
Suppose -8*y + 12*y = 408. Suppose -3*u + 52 = -158. Suppose -u - y = -4*g. Calculate the remainder when g is divided by 22.
21
Suppose 0*b + 3*b + 5*w + 409 = 0, -2*b - 294 = -2*w. Let n = 214 + b. Let t = n + -41. What is the remainder when 88 is divided by t?
28
Let u(j) = -j**3 - 19*j**2 - 35*j - 5. Calculate the remainder when u(-17) is divided by 10.
2
Suppose -5*m + 4*m + 28 = -3*u, 0 = 4*u + 4. What is the remainder when 71 is divided by m?
21
Let c = 14 + -9. Suppose t - h + 41 = 3*t, c*h = 25. What is the remainder when 7 is divided by t/9 + 0/(-1)?
1
Let n(o) = o + 5. Let h be n(-5). Suppose h = -3*x - 12, 3*g + x - 107 = -0*x. Calculate the remainder when 183 is divided by g.
35
Let m(z) = z + 23. Let j(r) = r**2 + 18*r - 12. Let x be j(-18). Calculate the remainder when 19 is divided by m(x).
8
Suppose -3*c = 2*r - 47, 2*c + 2*r - 5*r = 53. Let o = 10 - 8. Suppose -13 = t - 3*v - v, 2*v = o*t - 4. Calculate the remainder when c is divided by t.
5
Let z be (3 + 0)*(-44)/(-3). Let q = -12 + z. Calculate the remainder when q is divided by 17.
15
Let f(j) = -14*j - 57. Let c be f(-21). Let u = -94 + c. Calculate the remainder when u is divided by 37.
32
Let d = 41 + -36. Suppose 4*u - 35 - 28 = d*g, -12 = -u + 5*g. What is the remainder when 66 is divided by u?
15
Let j = -16 + 29. Let d(y) = -y**2 + 39*y + 226. Calculate the remainder when j is divided by d(44).
1
Let i = 816 + -777. What is the remainder when 556 is divided by i?
10
Let s be (6/8)/((-39)/(-104))*1. Suppose 75 = 5*l - 155. Suppose -l = -4*n - f - 7, -32 = -3*n + s*f. Calculate the remainder when 37 is divided by n.
7
Suppose -322 = 7*q - 9*q - z, z - 160 = -q. What is the remainder when q is divided by 5?
2
Let y(n) = n**2 + 12*n + 3. Let t be y(-6). Let v = t - -44. What is the remainder when v is divided by 2?
1
Suppose 5*p = -2*l + 6*p + 6, 2*l + 3*p - 14 = 0. Suppose 3*d - 132 = l*q, q - 6*q - 176 = -4*d. Calculate the remainder when d is divided by 23.
21
Suppose -7470 = -44*z + 14*z. What is the remainder when z is divided by 9?
6
Let p(t) = -4*t - 2. Let u = -40 - -36. What is the remainder when 96 is divided by p(u)?
12
Let x be (-6)/18 + 2/6. Suppose -5*w + x*w = -10. Suppose j + 4*g = 43, 3*g + 1 = w*g. Calculate the remainder when j is divided by 25.
22
Let d = -23 - -29. What is the remainder when (62/8 - -2) + 4/16 is divided by d?
4
Let o(g) = g**3 - 8*g**2 - 29*g - 13. Suppose -4*d + 40 + 24 = 0. What is the remainder when o(11) is divided by d?
15
Suppose 2*b - 14 = 46. Let g = 872 - 767. What is the remainder when g is divided by -1 + b - (-3 - -5)?
24
Let n(m) = -m**3 + 8*m**2 + 10*m + 41. What is the remainder when n(9) is divided by 18?
14
Suppose 0 = -3*m - 0*m. What is the remainder when 1*(m - 3)*-3 is divided by 3?
0
Let g(n) = 5*n**2 - 12*n - 4. What is the remainder when g(-6) is divided by 44?
28
Suppose 2*c + 68 = -2*p, -4*c + 246 = -5*p + 76. Let o = 22 + p. Let t = o + 24. What is the remainder when 45 is divided by t?
9
Let y(d) = 41*d**2 + 3*d - 2. Let j(u) = 26*u - 197. What is the remainder when y(1) is divided by j(8)?
9
Let m(o) = -2*o**2 + o + 10. Let x be m(-5). Let d = -42 - x. Calculate the remainder when d is div